{"id":24370,"date":"2020-11-10T05:00:33","date_gmt":"2020-11-10T05:00:33","guid":{"rendered":"http:\/\/alexiahostin-psy.com\/?page_id=24370"},"modified":"2024-08-28T11:08:25","modified_gmt":"2024-08-28T10:08:25","slug":"contact","status":"publish","type":"page","link":"https:\/\/alexiahostin-psy.com\/?page_id=24370","title":{"rendered":"Contact"},"content":{"rendered":"\n\n\t<h1>\n\t\t\t\t\tContact\n\t\t\t\t<\/h1>\n\t\t\t\n\t\t\t<a href=\"https:\/\/perfactive.fr\/alexia-hostin\/alexia-hostin\/book\" target=\"_self\" rel=\"noopener\">\n\t\t\t\t\t\tPrendre un rendez vous\n\t\t\t\t\t<\/a>\n\t<p>Pour toutes questions, n&rsquo;h\u00e9sitez pas \u00e0 me contacter.<\/p>\n<p><strong>T\u00e9l\u00e9phone<\/strong> : 07 86 35 75 90<\/p>\n<p><strong>Consultations en cabinet<\/strong><\/p>\n<p>lundi : 12h45 &#8211; 18h30<\/p>\n<p>mardi\u00a0 : 9h &#8211; 18h30<\/p>\n<p>mercredi : Ferm\u00e9<\/p>\n<p>jeudi : : 9h &#8211; 18h30<\/p>\n<p>vendredi : 9h &#8211; 18h30<\/p>\n<p>samedi : 9h &#8211; 12h30<\/p>\n<p><strong>T\u00e9l\u00e9consultations possibles<\/strong><\/p>\n\t<h4>\n\t\t\t\t\tAcc\u00e8s\n\t\t\t\t<\/h4>\n\t\t\t<p>Le cabinet se situe au c\u0153ur de Colomiers, proche de Toulouse, \u00e0 deux pas du conservatoire et du parc Duroch.<\/p>\n<p>Parking gratuit \u00e0 c\u00f4t\u00e9 du conservatoire rue Chrestias ou derri\u00e8re l&rsquo;\u00e9cole Maternelle Jean Mac\u00e9, square Fran\u00e7ois Lahille.\u00a0<\/p>\n<p><strong>Moyens de transport :<\/strong><\/p>\n<p>Bus &#8211; arr\u00eat Bascule Seycheron (Ligne 25 et L2)<br \/>Bus &#8211; arr\u00eat Cantal (Ligne 21 et 151)<\/p>\n<p><strong>Sur place<\/strong><\/p>\n<p>Voir le cheminement pi\u00e9ton ci-dessous :<\/p>\n<p><img loading=\"lazy\" decoding=\"async\" src=\"http:\/\/alexiahostin-psy.com\/wp-content\/uploads\/2023\/09\/acces-cabinet_v2-1536x684.jpg\" alt=\"\" width=\"1536\" height=\"684\" \/><\/p>\n<p>Interphone 402<br \/>Au rez de chauss\u00e9e, \u00e0 gauche, porte du fond. Veuillez noter qu&rsquo;il n&rsquo;y a pas d&rsquo;acc\u00e8s PMR possible.<\/p>\n\t<iframe src=\"https:\/\/www.google.com\/maps\/embed?pb=!1m18!1m12!1m3!1d1444.43675488394!2d1.3359055583724644!3d43.609175236865305!2m3!1f0!2f0!3f0!3m2!1i1024!2i768!4f13.1!3m3!1m2!1s0x12aeb10edc686519%3A0xa7e218e15576954f!2sAlexia%20Hostin!5e0!3m2!1sfr!2sfr!4v1670436648064!5m2!1sfr!2sfr\" width=\"600\" height=\"450\" allowfullscreen=\"\" loading=\"lazy\" referrerpolicy=\"no-referrer-when-downgrade\"><\/iframe>\n\n","protected":false},"excerpt":{"rendered":"<p>Contact Prendre un rendez vous Pour toutes questions, n&rsquo;h\u00e9sitez pas \u00e0 me contacter. T\u00e9l\u00e9phone : 07 86 35 75 90 Consultations en cabinet lundi : 12h45 &#8211; 18h30 mardi\u00a0 : 9h &#8211; 18h30 mercredi : Ferm\u00e9 jeudi : : 9h &#8211; 18h30 vendredi : 9h &#8211; 18h30 samedi : 9h &#8211; 12h30 T\u00e9l\u00e9consultations possibles Acc\u00e8s [&hellip;]<\/p>\n","protected":false},"author":2,"featured_media":0,"parent":0,"menu_order":0,"comment_status":"closed","ping_status":"closed","template":"","meta":{"om_disable_all_campaigns":false,"_monsterinsights_skip_tracking":false,"_monsterinsights_sitenote_active":false,"_monsterinsights_sitenote_note":"","_monsterinsights_sitenote_category":0,"site-sidebar-layout":"no-sidebar","site-content-layout":"page-builder","ast-site-content-layout":"full-width-container","site-content-style":"unboxed","site-sidebar-style":"unboxed","ast-global-header-display":"","ast-banner-title-visibility":"","ast-main-header-display":"","ast-hfb-above-header-display":"","ast-hfb-below-header-display":"","ast-hfb-mobile-header-display":"","site-post-title":"disabled","ast-breadcrumbs-content":"","ast-featured-img":"disabled","footer-sml-layout":"","theme-transparent-header-meta":"default","adv-header-id-meta":"","stick-header-meta":"","header-above-stick-meta":"","header-main-stick-meta":"","header-below-stick-meta":"","astra-migrate-meta-layouts":"set","ast-page-background-enabled":"default","ast-page-background-meta":{"desktop":{"background-color":"","background-image":"","background-repeat":"repeat","background-position":"center center","background-size":"auto","background-attachment":"scroll","background-type":"","background-media":"","overlay-type":"","overlay-color":"","overlay-opacity":"","overlay-gradient":""},"tablet":{"background-color":"","background-image":"","background-repeat":"repeat","background-position":"center center","background-size":"auto","background-attachment":"scroll","background-type":"","background-media":"","overlay-type":"","overlay-color":"","overlay-opacity":"","overlay-gradient":""},"mobile":{"background-color":"","background-image":"","background-repeat":"repeat","background-position":"center center","background-size":"auto","background-attachment":"scroll","background-type":"","background-media":"","overlay-type":"","overlay-color":"","overlay-opacity":"","overlay-gradient":""}},"ast-content-background-meta":{"desktop":{"background-color":"var(--ast-global-color-5)","background-image":"","background-repeat":"repeat","background-position":"center center","background-size":"auto","background-attachment":"scroll","background-type":"","background-media":"","overlay-type":"","overlay-color":"","overlay-opacity":"","overlay-gradient":""},"tablet":{"background-color":"var(--ast-global-color-5)","background-image":"","background-repeat":"repeat","background-position":"center center","background-size":"auto","background-attachment":"scroll","background-type":"","background-media":"","overlay-type":"","overlay-color":"","overlay-opacity":"","overlay-gradient":""},"mobile":{"background-color":"var(--ast-global-color-5)","background-image":"","background-repeat":"repeat","background-position":"center center","background-size":"auto","background-attachment":"scroll","background-type":"","background-media":"","overlay-type":"","overlay-color":"","overlay-opacity":"","overlay-gradient":""}},"footnotes":""},"class_list":["post-24370","page","type-page","status-publish","hentry"],"aioseo_notices":[],"_links":{"self":[{"href":"https:\/\/alexiahostin-psy.com\/index.php?rest_route=\/wp\/v2\/pages\/24370","targetHints":{"allow":["GET"]}}],"collection":[{"href":"https:\/\/alexiahostin-psy.com\/index.php?rest_route=\/wp\/v2\/pages"}],"about":[{"href":"https:\/\/alexiahostin-psy.com\/index.php?rest_route=\/wp\/v2\/types\/page"}],"author":[{"embeddable":true,"href":"https:\/\/alexiahostin-psy.com\/index.php?rest_route=\/wp\/v2\/users\/2"}],"replies":[{"embeddable":true,"href":"https:\/\/alexiahostin-psy.com\/index.php?rest_route=%2Fwp%2Fv2%2Fcomments&post=24370"}],"version-history":[{"count":33,"href":"https:\/\/alexiahostin-psy.com\/index.php?rest_route=\/wp\/v2\/pages\/24370\/revisions"}],"predecessor-version":[{"id":24758,"href":"https:\/\/alexiahostin-psy.com\/index.php?rest_route=\/wp\/v2\/pages\/24370\/revisions\/24758"}],"wp:attachment":[{"href":"https:\/\/alexiahostin-psy.com\/index.php?rest_route=%2Fwp%2Fv2%2Fmedia&parent=24370"}],"curies":[{"name":"wp","href":"https:\/\/api.w.org\/{rel}","templated":true}]}}