{"id":24632,"date":"2022-11-16T16:47:58","date_gmt":"2022-11-16T16:47:58","guid":{"rendered":"https:\/\/alexiahostin-psy.com\/?page_id=24632"},"modified":"2024-08-28T11:08:32","modified_gmt":"2024-08-28T10:08:32","slug":"about-copy","status":"publish","type":"page","link":"https:\/\/alexiahostin-psy.com\/?page_id=24632","title":{"rendered":"Qui suis je ?"},"content":{"rendered":"\n\n\t<h1>\n\t\t\t\t\tQui suis-je ?\n\t\t\t\t<\/h1>\n\t\t\t\t<img decoding=\"async\" src=\"http:\/\/alexiahostin-psy.com\/wp-content\/uploads\/2022\/11\/photo-selectionnee-_-v3.jpg\" alt=\"photo selectionnee _ v3\" itemprop=\"image\" title=\"photo selectionnee _ v3\" onerror=\"this.style.display='none'\"  \/>\n\t<p>Je suis psychologue clinicienne et psychoth\u00e9rapeute en activit\u00e9 lib\u00e9rale sur Colomiers.<\/p>\n<p>Je suis dipl\u00f4m\u00e9e de l&rsquo;Universit\u00e9 de Reims(Master II Psychologie Clinique et pathologique et Neuropsychologie du handicap ).<\/p>\n<p>Je propose des th\u00e9rapies diverses, car il me semble important d&rsquo;utiliser diff\u00e9rents outils en fonction de la demande et des besoins. C&rsquo;est pourquoi je me suis form\u00e9e, en compl\u00e9ment de mon Master, \u00e0 la pratique des TCC (Th\u00e9rapies comportementales et cognitives).<\/p>\n<p>Ma pratique professionnelle m&rsquo;a aussi permis de travailler avec des publics tr\u00e8s diversifi\u00e9s :<\/p>\n<ul>\n<li>en \u00e2ge : enfants, adolescents, adultes, seniors<\/li>\n<li>en institution (CMP, h\u00f4pital de jour ou services ferm\u00e9s) ou au sein de l&rsquo; \u00c9ducation Nationale (coll\u00e8ge et lyc\u00e9e professionnel)<\/li>\n<\/ul>\n<p>Ainsi, mon parcours professionnel est riche et diversifi\u00e9, ce qui me permet de proposer des th\u00e9rapies adapt\u00e9es \u00e0 votre demande et aux difficult\u00e9s que vous rencontrez.<\/p>\n<p>Les premi\u00e8res s\u00e9ances seront l&rsquo;occasion d&rsquo;\u00e9changer sur vos besoins et de travailler ensemble, \u00e0 partir de votre demande, sur un processus th\u00e9rapeutique personnalis\u00e9.<\/p>\n<p>Je vous re\u00e7ois en cabinet du jeudi au samedi et je vous propose des t\u00e9l\u00e9consultations les lundis et mardis.<\/p>\n\n","protected":false},"excerpt":{"rendered":"<p>Qui suis-je ? Je suis psychologue clinicienne et psychoth\u00e9rapeute en activit\u00e9 lib\u00e9rale sur Colomiers. Je suis dipl\u00f4m\u00e9e de l&rsquo;Universit\u00e9 de Reims(Master II Psychologie Clinique et pathologique et Neuropsychologie du handicap ). Je propose des th\u00e9rapies diverses, car il me semble important d&rsquo;utiliser diff\u00e9rents outils en fonction de la demande et des besoins. C&rsquo;est pourquoi je [&hellip;]<\/p>\n","protected":false},"author":2,"featured_media":0,"parent":0,"menu_order":0,"comment_status":"closed","ping_status":"closed","template":"","meta":{"om_disable_all_campaigns":false,"_monsterinsights_skip_tracking":false,"_monsterinsights_sitenote_active":false,"_monsterinsights_sitenote_note":"","_monsterinsights_sitenote_category":0,"site-sidebar-layout":"no-sidebar","site-content-layout":"page-builder","ast-site-content-layout":"default","site-content-style":"default","site-sidebar-style":"default","ast-global-header-display":"","ast-banner-title-visibility":"","ast-main-header-display":"","ast-hfb-above-header-display":"","ast-hfb-below-header-display":"","ast-hfb-mobile-header-display":"","site-post-title":"disabled","ast-breadcrumbs-content":"","ast-featured-img":"disabled","footer-sml-layout":"","theme-transparent-header-meta":"","adv-header-id-meta":"","stick-header-meta":"","header-above-stick-meta":"","header-main-stick-meta":"","header-below-stick-meta":"","astra-migrate-meta-layouts":"default","ast-page-background-enabled":"default","ast-page-background-meta":{"desktop":{"background-color":"","background-image":"","background-repeat":"repeat","background-position":"center center","background-size":"auto","background-attachment":"scroll","background-type":"","background-media":"","overlay-type":"","overlay-color":"","overlay-opacity":"","overlay-gradient":""},"tablet":{"background-color":"","background-image":"","background-repeat":"repeat","background-position":"center center","background-size":"auto","background-attachment":"scroll","background-type":"","background-media":"","overlay-type":"","overlay-color":"","overlay-opacity":"","overlay-gradient":""},"mobile":{"background-color":"","background-image":"","background-repeat":"repeat","background-position":"center center","background-size":"auto","background-attachment":"scroll","background-type":"","background-media":"","overlay-type":"","overlay-color":"","overlay-opacity":"","overlay-gradient":""}},"ast-content-background-meta":{"desktop":{"background-color":"var(--ast-global-color-5)","background-image":"","background-repeat":"repeat","background-position":"center center","background-size":"auto","background-attachment":"scroll","background-type":"","background-media":"","overlay-type":"","overlay-color":"","overlay-opacity":"","overlay-gradient":""},"tablet":{"background-color":"var(--ast-global-color-5)","background-image":"","background-repeat":"repeat","background-position":"center center","background-size":"auto","background-attachment":"scroll","background-type":"","background-media":"","overlay-type":"","overlay-color":"","overlay-opacity":"","overlay-gradient":""},"mobile":{"background-color":"var(--ast-global-color-5)","background-image":"","background-repeat":"repeat","background-position":"center center","background-size":"auto","background-attachment":"scroll","background-type":"","background-media":"","overlay-type":"","overlay-color":"","overlay-opacity":"","overlay-gradient":""}},"footnotes":""},"class_list":["post-24632","page","type-page","status-publish","hentry"],"aioseo_notices":[],"_links":{"self":[{"href":"https:\/\/alexiahostin-psy.com\/index.php?rest_route=\/wp\/v2\/pages\/24632","targetHints":{"allow":["GET"]}}],"collection":[{"href":"https:\/\/alexiahostin-psy.com\/index.php?rest_route=\/wp\/v2\/pages"}],"about":[{"href":"https:\/\/alexiahostin-psy.com\/index.php?rest_route=\/wp\/v2\/types\/page"}],"author":[{"embeddable":true,"href":"https:\/\/alexiahostin-psy.com\/index.php?rest_route=\/wp\/v2\/users\/2"}],"replies":[{"embeddable":true,"href":"https:\/\/alexiahostin-psy.com\/index.php?rest_route=%2Fwp%2Fv2%2Fcomments&post=24632"}],"version-history":[{"count":11,"href":"https:\/\/alexiahostin-psy.com\/index.php?rest_route=\/wp\/v2\/pages\/24632\/revisions"}],"predecessor-version":[{"id":24759,"href":"https:\/\/alexiahostin-psy.com\/index.php?rest_route=\/wp\/v2\/pages\/24632\/revisions\/24759"}],"wp:attachment":[{"href":"https:\/\/alexiahostin-psy.com\/index.php?rest_route=%2Fwp%2Fv2%2Fmedia&parent=24632"}],"curies":[{"name":"wp","href":"https:\/\/api.w.org\/{rel}","templated":true}]}}